{"id":948,"date":"2018-12-12T18:22:00","date_gmt":"2018-12-12T21:22:00","guid":{"rendered":"https:\/\/isfdcastrob-lrj.infd.edu.ar\/sitio\/?page_id=948"},"modified":"2023-12-19T20:19:59","modified_gmt":"2023-12-19T23:19:59","slug":"articulacion-entre-niveles","status":"publish","type":"page","link":"https:\/\/isfdcastrob-lrj.infd.edu.ar\/sitio\/articulacion-entre-niveles\/","title":{"rendered":"Profesorado en Educaci\u00f3n Primaria"},"content":{"rendered":"<p>Este Profesorado tiene como objetivo principal formar docentes de Educaci\u00f3n Primaria con s\u00f3lidos conocimientos pedag\u00f3gicos, atentos a los cambios y transformaciones propios de la tarea cotidiana, y comprometidos y comprometidas con la realidad sociocultural de nuestro pa\u00eds, con un perfil abierto a las necesidades de los otros en el mundo que nos toca transitar.<\/p>\n<p>Son desaf\u00edos formativos de la formaci\u00f3n docente para la Educaci\u00f3n Primaria:<\/p>\n<p>* El fortalecimiento de la identidad y la significaci\u00f3n social de la profesi\u00f3n en los nuevos escenarios del trabajo docente.<\/p>\n<p>* La construcci\u00f3n de la y del profesor como productor colectivo del discurso pedag\u00f3gico.<\/p>\n<p>* El posicionamiento activo de la y del profesor como trabajador de la cultura.<\/p>\n<p><img decoding=\"async\" loading=\"lazy\" class=\"wp-image-1154 size-thumbnail aligncenter\" src=\"https:\/\/isfdcastrob-lrj.infd.edu.ar\/sitio\/wp-content\/uploads\/2023\/09\/348295947_1542072252986287_3776242620380876984_n-e1695942018935-500x366.jpg\" alt=\"\" width=\"500\" height=\"366\"><\/p>\n<h1 style=\"text-align: center;\"><\/h1>\n<h1 style=\"text-align: center;\"><\/h1>\n<p style=\"text-align: center;\">\n<p style=\"text-align: center;\">\n<div class=\"joomag-backlinks\"><a href=\"\/\/view.joomag.com\/articulacion-entre-niveles\/M0899510001544642456\" target=\"_blank\" rel=\"noopener\">Open publication<\/a> &#8211; Free <a href=\"https:\/\/www.joomag.com\/?ref=embed_backlink\" target=\"_blank\" rel=\"noopener\">publishing<\/a><\/div>\n<div><\/div>\n<div><\/div>\n","protected":false},"excerpt":{"rendered":"<p>Este Profesorado tiene como objetivo principal formar docentes de Educaci\u00f3n Primaria con s\u00f3lidos conocimientos pedag\u00f3gicos, atentos a los cambios y transformaciones propios de la tarea cotidiana, y comprometidos y comprometidas con la realidad sociocultural de nuestro pa\u00eds, con un perfil abierto a las necesidades de los otros en el mundo que nos toca transitar. Son &#8230; <a title=\"Profesorado en Educaci\u00f3n Primaria\" class=\"read-more\" href=\"https:\/\/isfdcastrob-lrj.infd.edu.ar\/sitio\/articulacion-entre-niveles\/\" aria-label=\"More on Profesorado en Educaci\u00f3n Primaria\">[+]<\/a><\/p>\n","protected":false},"author":579,"featured_media":0,"parent":0,"menu_order":1,"comment_status":"closed","ping_status":"closed","template":"","meta":[],"acf":[],"_links":{"self":[{"href":"https:\/\/isfdcastrob-lrj.infd.edu.ar\/sitio\/wp-json\/wp\/v2\/pages\/948"}],"collection":[{"href":"https:\/\/isfdcastrob-lrj.infd.edu.ar\/sitio\/wp-json\/wp\/v2\/pages"}],"about":[{"href":"https:\/\/isfdcastrob-lrj.infd.edu.ar\/sitio\/wp-json\/wp\/v2\/types\/page"}],"author":[{"embeddable":true,"href":"https:\/\/isfdcastrob-lrj.infd.edu.ar\/sitio\/wp-json\/wp\/v2\/users\/579"}],"replies":[{"embeddable":true,"href":"https:\/\/isfdcastrob-lrj.infd.edu.ar\/sitio\/wp-json\/wp\/v2\/comments?post=948"}],"version-history":[{"count":10,"href":"https:\/\/isfdcastrob-lrj.infd.edu.ar\/sitio\/wp-json\/wp\/v2\/pages\/948\/revisions"}],"predecessor-version":[{"id":1721,"href":"https:\/\/isfdcastrob-lrj.infd.edu.ar\/sitio\/wp-json\/wp\/v2\/pages\/948\/revisions\/1721"}],"wp:attachment":[{"href":"https:\/\/isfdcastrob-lrj.infd.edu.ar\/sitio\/wp-json\/wp\/v2\/media?parent=948"}],"curies":[{"name":"wp","href":"https:\/\/api.w.org\/{rel}","templated":true}]}}